isor of 963721 and 119922?
869
Calculate the highest common divisor of 124520758 and 46.
46
Calculate the highest common divisor of 27469155 and 25725.
5145
What is the greatest common divisor of 3660 and 13768798?
122
What is the greatest common factor of 5231313 and 5166?
369
What is the highest common factor of 18 and 6987681?
9
What is the greatest common divisor of 47589588 and 61380?
1116
What is the highest common divisor of 79712 and 9320288?
1504
Calculate the greatest common divisor of 3653812 and 10538.
958
What is the highest common divisor of 369 and 3152367?
369
Calculate the greatest common factor of 18183 and 67612659.
1653
Calculate the greatest common factor of 1554879 and 309192.
2973
What is the greatest common divisor of 2623668 and 276?
12
Calculate the highest common factor of 28635 and 165255.
345
What is the greatest common factor of 41 and 766190739?
41
What is the highest common factor of 216538656 and 49816?
3832
Calculate the highest common divisor of 76165 and 640.
5
What is the greatest common factor of 2532 and 1971584?
844
Calculate the highest common factor of 52 and 81673852.
52
What is the highest common divisor of 2 and 18906994?
2
Calculate the highest common factor of 4187209 and 1443.
13
Calculate the highest common factor of 3929328 and 20904.
312
What is the highest common divisor of 34573196 and 476?
28
Calculate the greatest common factor of 22302 and 4011882.
2478
Calculate the highest common factor of 122 and 333447838.
122
Calculate the greatest common factor of 1718 and 32568985.
859
Calculate the highest common factor of 33381909 and 891.
297
What is the greatest common divisor of 82440 and 43680?
120
What is the highest common factor of 25229838 and 72?
6
Calculate the highest common divisor of 18475910 and 10.
10
Calculate the highest common factor of 44 and 23455047.
11
Calculate the highest common factor of 72370278 and 1098.
1098
What is the greatest common divisor of 79580 and 3904610?
1730
Calculate the highest common factor of 4455 and 5764.
11
What is the highest common divisor of 663171270 and 45?
15
What is the greatest common divisor of 142022060 and 4?
4
What is the greatest common divisor of 704 and 51535?
11
What is the greatest common factor of 4095468 and 10908?
108
Calculate the highest common divisor of 10444876 and 5096.
52
Calculate the highest common divisor of 272 and 143979256.
136
Calculate the greatest common factor of 17318539 and 609.
203
What is the highest common divisor of 83319456 and 748?
44
What is the greatest common factor of 784 and 8191232?
784
What is the highest common factor of 731 and 123048346?
17
Calculate the greatest common divisor of 10918 and 148877.
53
What is the greatest common factor of 15920 and 1154996?
796
Calculate the highest common divisor of 109040 and 297980.
940
Calculate the greatest common factor of 207342134 and 166.
166
What is the highest common factor of 579910 and 540?
10
Calculate the highest common divisor of 301815 and 686232.
3177
What is the greatest common factor of 762728 and 3216?
536
What is the highest common factor of 11600 and 129572?
116
Calculate the greatest common factor of 1181805025 and 50.
25
What is the highest common factor of 1972 and 2230468?
68
Calculate the highest common divisor of 4779827 and 845.
169
What is the highest common divisor of 4270 and 381989930?
4270
Calculate the highest common factor of 216 and 45197244.
108
Calculate the highest common factor of 208 and 439287152.
16
Calculate the highest common divisor of 54698670 and 171.
9
What is the greatest common factor of 642240512 and 2048?
2048
What is the highest common factor of 359194 and 4411770?
638
Calculate the highest common divisor of 86958998 and 42.
14
What is the highest common factor of 1446 and 93026?
482
Calculate the greatest common divisor of 149436 and 2870028.
252
What is the highest common factor of 36686 and 2427906?
442
Calculate the highest common divisor of 414 and 633816.
18
Calculate the greatest common divisor of 990 and 1191453780.
330
What is the highest common divisor of 7131799 and 2514?
419
Calculate the highest common divisor of 17624838 and 28952.
154
What is the greatest common factor of 25971138 and 513?
513
What is the greatest common divisor of 153587161 and 23751?
2639
Calculate the greatest common divisor of 39354432 and 17472.
2496
What is the greatest common divisor of 7230237 and 18669?
2667
Calculate the greatest common factor of 2172 and 1227904.
724
Calculate the greatest common factor of 228 and 118913172.
228
Calculate the highest common factor of 395720 and 140920.
520
Calculate the highest common factor of 74670 and 875634.
114
What is the highest common factor of 1090752 and 112746?
2622
What is the highest common divisor of 380580 and 1812?
12
What is the greatest common factor of 28 and 8242941?
7
Calculate the highest common divisor of 267 and 12032444.
89
Calculate the greatest common factor of 2132 and 13173464.
164
Calculate the greatest common divisor of 10 and 1731094470.
10
Calculate the greatest common divisor of 7297464 and 13356.
636
Calculate the highest common factor of 10063414 and 61.
61
What is the greatest common divisor of 750 and 5141160?
30
What is the greatest common divisor of 117829 and 6560819?
2507
Calculate the highest common divisor of 113060 and 9040.
20
Calculate the greatest common factor of 90716397 and 3651.
3651
What is the greatest common factor of 6189 and 453977591?
2063
Calculate the highest common factor of 528742761 and 67.
67
What is the greatest common divisor of 220527 and 34454?
107
What is the greatest common divisor of 65852 and 4887188?
404
What is the highest common factor of 63747832 and 72?
8
Calculate the greatest common factor of 28 and 558621196.
28
Calculate the highest common factor of 882 and 69111.
63
Calculate the highest common divisor of 123 and 34083.
3
Calculate the highest common divisor of 3891 and 151908531.
3891
Calculate the greatest common divisor of 10755 and 729945.
45
Calculate the greatest common divisor of 4640112 and 4272480.
9936
Calculate the greatest common factor of 8743 and 251984501.
1249
What is the highest common divisor of 227023 and 1358339?
131
Calculate the highest common factor of 97622 and 17518.
38
What is the greatest common factor of 38128728 and 264?
264
Calculate the highest common divisor of 226086047 and 26972.
6743
What is the greatest common divisor of 36 and 12989466?
18
Calculate the greatest common divisor of 1380298275 and 225.
225
Calculate the greatest common factor of 156675822 and 1614.
1614
What is the greatest common factor of 112826 and 6958?
14
What is the highest common divisor of 5183634 and 348?
174
What is the highest common factor of 7191118 and 22?
22
Calculate the greatest common factor of 4755 and 126052831.
317
What is the highest common factor of 51468980 and 28?
4
What is the greatest common factor of 198 and 401971614?
66
What is the highest common divisor of 13234 and 50520795?
6617
Calculate the highest common divisor of 4623 and 391.
23
What is the greatest common factor of 44965 and 3032205?
1955
Calculate the greatest common factor of 98035 and 10115.
35
What is the greatest common divisor of 557525 and 198650?
725
What is the highest common divisor of 7918260 and 1155?
105
What is the greatest common factor of 8816040 and 85258?
1814
What is the greatest common divisor of 375318 and 4002?
174
Calculate the greatest common factor of 1836 and 264582.
18
What is the greatest common factor of 1654797 and 84774?
213
What is the highest common factor of 17692316 and 77272?
2972
Calculate the greatest common factor of 13077 and 11763.
9
Calculate the highest common divisor of 2695797 and 1248.
39
What is the highest common factor of 30 and 21143106?
6
What is the greatest common factor of 61 and 493925357?
61
Calculate the highest common factor of 11362 and 1405430.
494
What is the highest common divisor of 44 and 3233263?
11
Calculate the highest common divisor of 3072 and 232776.
24
What is the greatest common divisor of 3528 and 87273704?
392
What is the greatest common factor of 81925 and 188032?
113
Calculate the highest common divisor of 263770020 and 420.
60
What 